{"id":38496,"date":"2023-12-14T11:18:49","date_gmt":"2023-12-14T10:18:49","guid":{"rendered":"https:\/\/www.swisslearn.org\/?page_id=38496"},"modified":"2023-12-14T11:18:51","modified_gmt":"2023-12-14T10:18:51","slug":"trigonometrie","status":"publish","type":"page","link":"https:\/\/www.swisslearn.org\/?page_id=38496","title":{"rendered":"Trigonom\u00e9trie"},"content":{"rendered":"\n\n\n\n\n<div class=\"wp-block-columns is-layout-flex wp-container-core-columns-is-layout-1 wp-block-columns-is-layout-flex\">\n<div class=\"wp-block-column is-layout-flow wp-block-column-is-layout-flow\" style=\"flex-basis:66.66%\"><div id=\"ld-cg-lq15r9i9i3\" class=\"learndash-course-grid \" data-page=\"1\"  data-post_type=\"sfwd-lessons\" data-per_page=\"9\" data-orderby=\"ID\" data-order=\"ASC\" data-taxonomies=\"category:Trigonom\u00e9trie\" data-enrollment_status=\"\" data-progress_status=\"\" data-thumbnail=\"\" data-thumbnail_size=\"thumbnail\" data-ribbon=\"\" data-video=\"\" data-content=\"1\" data-title=\"1\" data-title_clickable=\"1\" data-description=\"1\" data-description_char_max=\"120\" data-button=\"1\" data-filter=\"\" data-pagination=\"infinite\" data-grid_height_equal=\"\" data-progress_bar=\"\" data-post_meta=\"\" data-skin=\"grid\" data-card=\"grid-1\" data-columns=\"3\" data-min_column_width=\"250\" data-items_per_row=\"3\" data-font_family_title=\"\" data-font_family_description=\"\" data-font_size_title=\"\" data-font_size_description=\"\" data-font_color_title=\"\" data-font_color_description=\"\" data-background_color_title=\"\" data-background_color_description=\"\" data-background_color_ribbon=\"\" data-font_color_ribbon=\"\" data-background_color_icon=\"\" data-font_color_icon=\"\" data-background_color_button=\"\" data-font_color_button=\"\" data-class_name=\"\" data-id=\"ld-cg-lq15r9i9i3\" data-filter_search=\"\" data-filter_taxonomies=\"layout_category\" data-filter_price=\"\" data-filter_price_min=\"0\" data-filter_price_max=\"1000\"><div class=\"items-wrapper grid\">\n            <div class=\"item grid-1\">\n\t<article id=\"post-28986\" class=\"post post-28986 sfwd-lessons type-sfwd-lessons status-publish hentry category-geometrie category-trigonometrie\">\n\t\t\n\t\t\t\t\t<div class=\"content\">\n                <div class=\"top-meta\">\n                                            <h3 class=\"entry-title\">\n                                                            <a href=\"https:\/\/www.swisslearn.org\/?sfwd-lessons=cercle-trigonometrique-angles\">\n                                                            Cercle trigonom\u00e9trique: angles                                                            <\/a>\n                                                    <\/h3>\n                                                                                                <\/div>\n                                \t\t\t<\/div>\n\t\t\t<\/article>\n<\/div>            <div class=\"item grid-1\">\n\t<article id=\"post-28988\" class=\"post post-28988 sfwd-lessons type-sfwd-lessons status-publish hentry category-geometrie category-trigonometrie\">\n\t\t\n\t\t\t\t\t<div class=\"content\">\n                <div class=\"top-meta\">\n                                            <h3 class=\"entry-title\">\n                                                            <a href=\"https:\/\/www.swisslearn.org\/?sfwd-lessons=cercle-trigonometrique-sinus-cosinus-et-tangente-dun-angle\">\n                                                            Cercle trigonom\u00e9trique: sinus, cosinus et tangente d&#039;un angle                                                            <\/a>\n                                                    <\/h3>\n                                                                                                <\/div>\n                                \t\t\t<\/div>\n\t\t\t<\/article>\n<\/div>            <div class=\"item grid-1\">\n\t<article id=\"post-28990\" class=\"post post-28990 sfwd-lessons type-sfwd-lessons status-publish hentry category-geometrie category-trigonometrie\">\n\t\t\n\t\t\t\t\t<div class=\"content\">\n                <div class=\"top-meta\">\n                                            <h3 class=\"entry-title\">\n                                                            <a href=\"https:\/\/www.swisslearn.org\/?sfwd-lessons=relations-trigonometriques\">\n                                                            Relations trigonom\u00e9triques                                                            <\/a>\n                                                    <\/h3>\n                                                                                                <\/div>\n                                \t\t\t<\/div>\n\t\t\t<\/article>\n<\/div>            <div class=\"item grid-1\">\n\t<article id=\"post-28995\" class=\"post post-28995 sfwd-lessons type-sfwd-lessons status-publish hentry category-geometrie category-trigonometrie\">\n\t\t\n\t\t\t\t\t<div class=\"content\">\n                <div class=\"top-meta\">\n                                            <h3 class=\"entry-title\">\n                                                            <a href=\"https:\/\/www.swisslearn.org\/?sfwd-lessons=relations-trigonometriques-dans-un-triangle-quelconque-theoreme-de-sinus\">\n                                                            Relations trigonom\u00e9triques dans un triangle quelconque: th\u00e9or\u00e8me de sinus                                                            <\/a>\n                                                    <\/h3>\n                                                                                                <\/div>\n                                \t\t\t<\/div>\n\t\t\t<\/article>\n<\/div>            <div class=\"item grid-1\">\n\t<article id=\"post-28997\" class=\"post post-28997 sfwd-lessons type-sfwd-lessons status-publish hentry category-geometrie category-trigonometrie\">\n\t\t\n\t\t\t\t\t<div class=\"content\">\n                <div class=\"top-meta\">\n                                            <h3 class=\"entry-title\">\n                                                            <a href=\"https:\/\/www.swisslearn.org\/?sfwd-lessons=relations-trigonometriques-dans-un-triangle-quelconque-theoreme-de-cosinus\">\n                                                            Relations trigonom\u00e9triques dans un triangle quelconque : th\u00e9or\u00e8me de cosinus                                                            <\/a>\n                                                    <\/h3>\n                                                                                                <\/div>\n                                \t\t\t<\/div>\n\t\t\t<\/article>\n<\/div>            <div class=\"item grid-1\">\n\t<article id=\"post-37100\" class=\"post post-37100 sfwd-lessons type-sfwd-lessons status-publish hentry category-geometrie category-trigonometrie\">\n\t\t\n\t\t\t\t\t<div class=\"content\">\n                <div class=\"top-meta\">\n                                            <h3 class=\"entry-title\">\n                                                            <a href=\"https:\/\/www.swisslearn.org\/?sfwd-lessons=relations-trigonometriques-dans-un-triangle-rectangle-2\">\n                                                            Relations trigonom\u00e9triques dans un triangle rectangle                                                            <\/a>\n                                                    <\/h3>\n                                                                                                <\/div>\n                                \t\t\t<\/div>\n\t\t\t<\/article>\n<\/div>    <\/div><\/div><\/div>\n\n\n\n<div class=\"wp-block-column has-palette-color-7-background-color has-background is-layout-flow wp-block-column-is-layout-flow\" style=\"border-style:none;border-width:0px;padding-top:0;padding-right:var(--wp--preset--spacing--20);padding-bottom:0;padding-left:var(--wp--preset--spacing--20);flex-basis:33.33%\">        <div class=\"rttpg-block-postgrid rttpg-block-wrapper rttpg-block-80a9b2 tpg-filter-type-dropdown pagination-visibility-show section-title-style-style1 img_hover_animation_default title-default title_position_default title_hover_border_default meta_position_default tpg-is-author-icon-default author-image-visibility-icon tpg-category-position-default readmore-btn-default-style grid-hover-overlay-type-always grid-hover-overlay-height-default hover-overlay-height-default tpg-title-border-default filter-nex-prev-btn-visible tpg-cat-style1 slider-scroll-hide act-label-style-inline\">\r\n            <div class=\"rt-container-fluid rt-tpg-container tpg-el-main-wrapper clearfix list-layout1-main\"\r\n                 id=\"rt-tpg-container-380594733\"\r\n                 data-layout=\"list-layout1\"\r\n                 data-grid-style=\"tpg-even\" data-sc-id=\"elementor\"\r\n                 data-el-settings=''\r\n                 data-el-query=''\r\n                 data-el-path=''>\r\n\t\t\t\t<div class='tpg-header-wrapper '><\/div>\r\n                <div class=\"rt-row rt-content-loader gutenberg-inner list-layout1 tpg-even list-behaviour list-layout-wrapper\">\r\n\t\t\t\t\t<div class='no_posts_found_text'>No posts found.<\/div>                <\/div>\r\n\r\n\t\t\t\t\r\n            <\/div>\r\n        <\/div>\r\n\t\t<\/div>\n<\/div>\n","protected":false},"excerpt":{"rendered":"","protected":false},"author":1,"featured_media":0,"parent":0,"menu_order":0,"comment_status":"closed","ping_status":"closed","template":"","meta":{"_et_pb_use_builder":"off","_et_pb_old_content":"","_et_gb_content_width":"","_monsterinsights_skip_tracking":false,"_monsterinsights_sitenote_active":false,"_monsterinsights_sitenote_note":"","_monsterinsights_sitenote_category":0,"footnotes":""},"class_list":["post-38496","page","type-page","status-publish","hentry"],"blocksy_meta":{"has_hero_section":"enabled","styles_descriptor":{"styles":{"desktop":"[data-prefix=\"single_page\"] .entry-header .page-title {--fontSize:30px;} [data-prefix=\"single_page\"] .entry-header .entry-meta {--fontWeight:600;--textTransform:uppercase;--fontSize:12px;--lineHeight:1.3;}","tablet":"","mobile":""},"google_fonts":[],"version":5}},"rttpg_featured_image_url":null,"rttpg_author":{"display_name":"Bahram Zaerpour","author_link":"https:\/\/www.swisslearn.org\/?author=1"},"rttpg_comment":0,"rttpg_category":null,"rttpg_excerpt":null,"_links":{"self":[{"href":"https:\/\/www.swisslearn.org\/index.php?rest_route=\/wp\/v2\/pages\/38496"}],"collection":[{"href":"https:\/\/www.swisslearn.org\/index.php?rest_route=\/wp\/v2\/pages"}],"about":[{"href":"https:\/\/www.swisslearn.org\/index.php?rest_route=\/wp\/v2\/types\/page"}],"author":[{"embeddable":true,"href":"https:\/\/www.swisslearn.org\/index.php?rest_route=\/wp\/v2\/users\/1"}],"replies":[{"embeddable":true,"href":"https:\/\/www.swisslearn.org\/index.php?rest_route=%2Fwp%2Fv2%2Fcomments&post=38496"}],"version-history":[{"count":1,"href":"https:\/\/www.swisslearn.org\/index.php?rest_route=\/wp\/v2\/pages\/38496\/revisions"}],"predecessor-version":[{"id":38497,"href":"https:\/\/www.swisslearn.org\/index.php?rest_route=\/wp\/v2\/pages\/38496\/revisions\/38497"}],"wp:attachment":[{"href":"https:\/\/www.swisslearn.org\/index.php?rest_route=%2Fwp%2Fv2%2Fmedia&parent=38496"}],"curies":[{"name":"wp","href":"https:\/\/api.w.org\/{rel}","templated":true}]}}